{"id":7060,"date":"2025-11-15T14:50:13","date_gmt":"2025-11-15T13:50:13","guid":{"rendered":"https:\/\/antoine-ciosi.com\/?post_type=product&#038;p=7060"},"modified":"2025-11-15T14:50:13","modified_gmt":"2025-11-15T13:50:13","slug":"noel-pack-2-albums","status":"publish","type":"product","link":"https:\/\/antoine-ciosi.com\/index.php\/produit\/noel-pack-2-albums\/","title":{"rendered":"NO\u00cbL PACK 2 ALBUMS"},"content":{"rendered":"<p><strong>Le CD PARTENZA : <\/strong>Un album solo o\u00f9 la sonorit\u00e9 cristalline de la guitare de J\u00e9r\u00f4me Ciosi vous emm\u00e8ne en voyage au gr\u00e9 de ses compositions originales.<\/p>\n<p><strong>Le CD BABBU \u00c8 FIGLIOLU : <\/strong>Antoine et J\u00e9r\u00f4me Ciosi sur un r\u00e9pertoire \u00e9pur\u00e9 qui magnifie le verbe et la po\u00e9sie en langue corse et fran\u00e7aise..<\/p>\n<h2><em><strong>EN CADEAU !<\/strong> Une pochette contenant de l&rsquo;immortelle cueillie en Corse dans la r\u00e9gion de Balagne.<\/em><\/h2>\n","protected":false},"excerpt":{"rendered":"<p><strong>\u00a0 \u00a0 <\/strong><strong>le CD PARTENZA<\/strong><\/p>\n<p><strong>+ le CD BABBU \u00c8 FIGLIOLU<\/strong><\/p>\n<p>+ Quelques brins d&rsquo;immortelle de Corse<\/p>\n","protected":false},"featured_media":7067,"comment_status":"open","ping_status":"closed","template":"","meta":{"jetpack_post_was_ever_published":false,"jetpack_publicize_message":"","jetpack_publicize_feature_enabled":true,"jetpack_social_post_already_shared":true,"jetpack_social_options":{"image_generator_settings":{"template":"highway","default_image_id":0,"font":"","enabled":false},"version":2}},"product_brand":[],"product_cat":[20],"product_tag":[],"class_list":{"0":"post-7060","1":"product","2":"type-product","3":"status-publish","4":"has-post-thumbnail","6":"product_cat-uncategorized","8":"first","9":"instock","10":"sale","11":"shipping-taxable","12":"purchasable","13":"product-type-simple"},"yoast_head":"<!-- This site is optimized with the Yoast SEO plugin v16.7 - https:\/\/yoast.com\/wordpress\/plugins\/seo\/ -->\n<title>NO\u00cbL PACK 2 ALBUMS - Antoine CIOSI<\/title>\n<meta name=\"robots\" content=\"index, follow, max-snippet:-1, max-image-preview:large, max-video-preview:-1\" \/>\n<link rel=\"canonical\" href=\"https:\/\/antoine-ciosi.com\/index.php\/produit\/noel-pack-2-albums\/\" \/>\n<meta property=\"og:locale\" content=\"fr_FR\" \/>\n<meta property=\"og:type\" content=\"article\" \/>\n<meta property=\"og:title\" content=\"NO\u00cbL PACK 2 ALBUMS - Antoine CIOSI\" \/>\n<meta property=\"og:description\" content=\"\u00a0 \u00a0 le CD PARTENZA  + le CD BABBU \u00c8 FIGLIOLU  + Quelques brins d&#039;immortelle de Corse\" \/>\n<meta property=\"og:url\" content=\"https:\/\/antoine-ciosi.com\/index.php\/produit\/noel-pack-2-albums\/\" \/>\n<meta property=\"og:site_name\" content=\"Antoine CIOSI\" \/>\n<meta property=\"og:image\" content=\"https:\/\/antoine-ciosi.com\/wp-content\/uploads\/2025\/11\/Design-sans-titre-3-1.jpeg\" \/>\n\t<meta property=\"og:image:width\" content=\"1490\" \/>\n\t<meta property=\"og:image:height\" content=\"1237\" \/>\n<meta name=\"twitter:card\" content=\"summary_large_image\" \/>\n<script type=\"application\/ld+json\" class=\"yoast-schema-graph\">{\"@context\":\"https:\/\/schema.org\",\"@graph\":[{\"@type\":\"WebSite\",\"@id\":\"https:\/\/antoine-ciosi.com\/#website\",\"url\":\"https:\/\/antoine-ciosi.com\/\",\"name\":\"Antoine CIOSI\",\"description\":\"Nouvel Album - Babbu \\u00e8 Figliolu - En vente d\\u00e8s maintenant\",\"potentialAction\":[{\"@type\":\"SearchAction\",\"target\":{\"@type\":\"EntryPoint\",\"urlTemplate\":\"https:\/\/antoine-ciosi.com\/?s={search_term_string}\"},\"query-input\":\"required name=search_term_string\"}],\"inLanguage\":\"fr-FR\"},{\"@type\":\"ImageObject\",\"@id\":\"https:\/\/antoine-ciosi.com\/index.php\/produit\/noel-pack-2-albums\/#primaryimage\",\"inLanguage\":\"fr-FR\",\"url\":\"https:\/\/i0.wp.com\/antoine-ciosi.com\/wp-content\/uploads\/2025\/11\/Design-sans-titre-3-1.jpeg?fit=1490%2C1237&ssl=1\",\"contentUrl\":\"https:\/\/i0.wp.com\/antoine-ciosi.com\/wp-content\/uploads\/2025\/11\/Design-sans-titre-3-1.jpeg?fit=1490%2C1237&ssl=1\",\"width\":1490,\"height\":1237},{\"@type\":\"WebPage\",\"@id\":\"https:\/\/antoine-ciosi.com\/index.php\/produit\/noel-pack-2-albums\/#webpage\",\"url\":\"https:\/\/antoine-ciosi.com\/index.php\/produit\/noel-pack-2-albums\/\",\"name\":\"NO\\u00cbL PACK 2 ALBUMS - Antoine CIOSI\",\"isPartOf\":{\"@id\":\"https:\/\/antoine-ciosi.com\/#website\"},\"primaryImageOfPage\":{\"@id\":\"https:\/\/antoine-ciosi.com\/index.php\/produit\/noel-pack-2-albums\/#primaryimage\"},\"datePublished\":\"2025-11-15T13:50:13+00:00\",\"dateModified\":\"2025-11-15T13:50:13+00:00\",\"breadcrumb\":{\"@id\":\"https:\/\/antoine-ciosi.com\/index.php\/produit\/noel-pack-2-albums\/#breadcrumb\"},\"inLanguage\":\"fr-FR\",\"potentialAction\":[{\"@type\":\"ReadAction\",\"target\":[\"https:\/\/antoine-ciosi.com\/index.php\/produit\/noel-pack-2-albums\/\"]}]},{\"@type\":\"BreadcrumbList\",\"@id\":\"https:\/\/antoine-ciosi.com\/index.php\/produit\/noel-pack-2-albums\/#breadcrumb\",\"itemListElement\":[{\"@type\":\"ListItem\",\"position\":1,\"name\":\"Accueil\",\"item\":\"https:\/\/antoine-ciosi.com\/\"},{\"@type\":\"ListItem\",\"position\":2,\"name\":\"Achat de CD\",\"item\":\"https:\/\/antoine-ciosi.com\/index.php\/shop\/\"},{\"@type\":\"ListItem\",\"position\":3,\"name\":\"NO\\u00cbL PACK 2 ALBUMS\"}]}]}<\/script>\n<!-- \/ Yoast SEO plugin. -->","yoast_head_json":{"title":"NO\u00cbL PACK 2 ALBUMS - Antoine CIOSI","robots":{"index":"index","follow":"follow","max-snippet":"max-snippet:-1","max-image-preview":"max-image-preview:large","max-video-preview":"max-video-preview:-1"},"canonical":"https:\/\/antoine-ciosi.com\/index.php\/produit\/noel-pack-2-albums\/","og_locale":"fr_FR","og_type":"article","og_title":"NO\u00cbL PACK 2 ALBUMS - Antoine CIOSI","og_description":"\u00a0 \u00a0 le CD PARTENZA  + le CD BABBU \u00c8 FIGLIOLU  + Quelques brins d'immortelle de Corse","og_url":"https:\/\/antoine-ciosi.com\/index.php\/produit\/noel-pack-2-albums\/","og_site_name":"Antoine CIOSI","og_image":[{"width":1490,"height":1237,"filesize":572698,"url":"https:\/\/antoine-ciosi.com\/wp-content\/uploads\/2025\/11\/Design-sans-titre-3-1.jpeg","path":"\/home\/antoinectp\/www\/wp-content\/uploads\/2025\/11\/Design-sans-titre-3-1.jpeg","size":"full","id":7067,"alt":"","pixels":1843130,"type":"image\/jpeg"}],"twitter_card":"summary_large_image","schema":{"@context":"https:\/\/schema.org","@graph":[{"@type":"WebSite","@id":"https:\/\/antoine-ciosi.com\/#website","url":"https:\/\/antoine-ciosi.com\/","name":"Antoine CIOSI","description":"Nouvel Album - Babbu \u00e8 Figliolu - En vente d\u00e8s maintenant","potentialAction":[{"@type":"SearchAction","target":{"@type":"EntryPoint","urlTemplate":"https:\/\/antoine-ciosi.com\/?s={search_term_string}"},"query-input":"required name=search_term_string"}],"inLanguage":"fr-FR"},{"@type":"ImageObject","@id":"https:\/\/antoine-ciosi.com\/index.php\/produit\/noel-pack-2-albums\/#primaryimage","inLanguage":"fr-FR","url":"https:\/\/i0.wp.com\/antoine-ciosi.com\/wp-content\/uploads\/2025\/11\/Design-sans-titre-3-1.jpeg?fit=1490%2C1237&ssl=1","contentUrl":"https:\/\/i0.wp.com\/antoine-ciosi.com\/wp-content\/uploads\/2025\/11\/Design-sans-titre-3-1.jpeg?fit=1490%2C1237&ssl=1","width":1490,"height":1237},{"@type":"WebPage","@id":"https:\/\/antoine-ciosi.com\/index.php\/produit\/noel-pack-2-albums\/#webpage","url":"https:\/\/antoine-ciosi.com\/index.php\/produit\/noel-pack-2-albums\/","name":"NO\u00cbL PACK 2 ALBUMS - Antoine CIOSI","isPartOf":{"@id":"https:\/\/antoine-ciosi.com\/#website"},"primaryImageOfPage":{"@id":"https:\/\/antoine-ciosi.com\/index.php\/produit\/noel-pack-2-albums\/#primaryimage"},"datePublished":"2025-11-15T13:50:13+00:00","dateModified":"2025-11-15T13:50:13+00:00","breadcrumb":{"@id":"https:\/\/antoine-ciosi.com\/index.php\/produit\/noel-pack-2-albums\/#breadcrumb"},"inLanguage":"fr-FR","potentialAction":[{"@type":"ReadAction","target":["https:\/\/antoine-ciosi.com\/index.php\/produit\/noel-pack-2-albums\/"]}]},{"@type":"BreadcrumbList","@id":"https:\/\/antoine-ciosi.com\/index.php\/produit\/noel-pack-2-albums\/#breadcrumb","itemListElement":[{"@type":"ListItem","position":1,"name":"Accueil","item":"https:\/\/antoine-ciosi.com\/"},{"@type":"ListItem","position":2,"name":"Achat de CD","item":"https:\/\/antoine-ciosi.com\/index.php\/shop\/"},{"@type":"ListItem","position":3,"name":"NO\u00cbL PACK 2 ALBUMS"}]}]}},"jetpack_publicize_connections":[],"jetpack_sharing_enabled":true,"_links":{"self":[{"href":"https:\/\/antoine-ciosi.com\/index.php\/wp-json\/wp\/v2\/product\/7060","targetHints":{"allow":["GET"]}}],"collection":[{"href":"https:\/\/antoine-ciosi.com\/index.php\/wp-json\/wp\/v2\/product"}],"about":[{"href":"https:\/\/antoine-ciosi.com\/index.php\/wp-json\/wp\/v2\/types\/product"}],"replies":[{"embeddable":true,"href":"https:\/\/antoine-ciosi.com\/index.php\/wp-json\/wp\/v2\/comments?post=7060"}],"wp:featuredmedia":[{"embeddable":true,"href":"https:\/\/antoine-ciosi.com\/index.php\/wp-json\/wp\/v2\/media\/7067"}],"wp:attachment":[{"href":"https:\/\/antoine-ciosi.com\/index.php\/wp-json\/wp\/v2\/media?parent=7060"}],"wp:term":[{"taxonomy":"product_brand","embeddable":true,"href":"https:\/\/antoine-ciosi.com\/index.php\/wp-json\/wp\/v2\/product_brand?post=7060"},{"taxonomy":"product_cat","embeddable":true,"href":"https:\/\/antoine-ciosi.com\/index.php\/wp-json\/wp\/v2\/product_cat?post=7060"},{"taxonomy":"product_tag","embeddable":true,"href":"https:\/\/antoine-ciosi.com\/index.php\/wp-json\/wp\/v2\/product_tag?post=7060"}],"curies":[{"name":"wp","href":"https:\/\/api.w.org\/{rel}","templated":true}]}}